 109?
1535
In base 6, what is 12 - 10213311?
-10213255
In base 7, what is 1346421 - -2?
1346423
In base 14, what is 35 - -7aa?
801
In base 8, what is -1 + 43467?
43466
In base 9, what is 1256 + 5?
1262
In base 7, what is -250 + -4223?
-4503
In base 10, what is -5 - -365409?
365404
In base 3, what is 20 - -10222022?
10222112
In base 6, what is -1243315 + -1?
-1243320
In base 16, what is 9 + -1206?
-11fd
In base 11, what is -a179 - -3?
-a176
In base 15, what is 110aab - 5?
110aa6
In base 8, what is 330 + 165?
515
In base 5, what is 12 - 13203430?
-13203413
In base 4, what is -310012 + 21020?
-222332
In base 9, what is 445 + -83?
352
In base 3, what is 100112010 + -1212?
100110021
In base 3, what is -2210121101012 - -10?
-2210121101002
In base 15, what is 2e022 - 0?
2e022
In base 7, what is 5 - 52315?
-52310
In base 3, what is -110 - 112212021?
-112212201
In base 8, what is 7 + -12331?
-12322
In base 3, what is -12 - -2212002?
2211220
In base 9, what is -38143 - -5?
-38137
In base 6, what is 10 - 45043?
-45033
In base 2, what is -1 - 101111001111111001?
-101111001111111010
In base 11, what is 3 - 98516?
-98513
In base 12, what is 3 + 3917?
391a
In base 7, what is 234554 + -1?
234553
In base 8, what is 376 - 524?
-126
In base 6, what is 1042 - -1235?
2321
In base 10, what is -40096 - -8?
-40088
In base 7, what is -43 + 23200?
23124
In base 6, what is -3 - -53334?
53331
In base 16, what is 10d + -4?
109
In base 3, what is 100 + 111002100?
111002200
In base 4, what is 123203323 + 10?
123203333
In base 12, what is -11276 + -1?
-11277
In base 14, what is -b7 - -676b?
6694
In base 16, what is -2014 - c?
-2020
In base 6, what is -2221 + 440?
-1341
In base 3, what is -1210 + -1011200?
-1020110
In base 13, what is -1087 - 45?
-10cc
In base 12, what is b217 + -27?
b1b0
In base 14, what is 954b + 4?
9551
In base 2, what is 0 - -11100101000010110111?
11100101000010110111
In base 6, what is 2523041 + 2?
2523043
In base 2, what is 11100110111 + -1110?
11100101001
In base 6, what is -204 + 202444?
202240
In base 13, what is -ab5 + -18?
-b00
In base 7, what is -13616 - -263?
-13323
In base 8, what is -60 + 2663?
2603
In base 2, what is -1001010110111010010 + -10?
-1001010110111010100
In base 3, what is -11 - -12211?
12200
In base 13, what is -1 - 189680?
-189681
In base 3, what is 21100101 + 21?
21100122
In base 11, what is -2 - -17a3a?
17a38
In base 14, what is -110 + 773?
663
In base 2, what is -111001001111 - 100?
-111001010011
In base 12, what is -1116 - 1468?
-2582
In base 13, what is -1c1b - -20?
-1bcb
In base 2, what is -110011000 - 11111?
-110110111
In base 16, what is -9 + 15ac?
15a3
In base 14, what is c57 + -64?
bd3
In base 6, what is -1003 - 3?
-1010
In base 10, what is -122729 + -3?
-122732
In base 7, what is -20522 - 42?
-20564
In base 12, what is b + 221?
230
In base 5, what is 102 - 101440?
-101333
In base 15, what is -1d2d + -b?
-1d39
In base 16, what is 3 + -17b?
-178
In base 2, what is -10011101100110 - 0?
-10011101100110
In base 10, what is -3 - 80602?
-80605
In base 6, what is 55 - -225525?
230024
In base 6, what is 23353 - -1233?
25030
In base 5, what is -130330 - 2?
-130332
In base 12, what is -24 - 2297?
-22bb
In base 3, what is -20011202222 + -20?
-20011210012
In base 14, what is 129b - -267?
1524
In base 3, what is 110010 + 100010?
210020
In base 14, what is -4 - 7098?
-709c
In base 13, what is 75941 - -4?
75945
In base 9, what is 444253 + 6?
444260
In base 13, what is -8 + 4289?
4281
In base 15, what is -bd9 + 5?
-bd4
In base 10, what is -116587 + -2?
-116589
In base 9, what is -1 - 30363?
-30364
In base 14, what is 5 + -9c3b?
-9c36
In base 11, what is 2a9 - -128?
426
In base 3, what is -11011222111 + -2?
-11011222120
In base 13, what is 13ba - 20?
139a
In base 14, what is 24d3d + 2?
24d41
In base 2, what is -1111000 + 100111000001?
100101001001
In base 6, what is -30 - 1034450?
-1034520
In base 13, what is -626648 - -3?
-626645
In base 6, what is 1 - -42142?
42143
In base 6, what is -3134033 - -3?
-3134030
In base 6, what is -424235 - 24?
-424303
In base 2, what is -1100101011110011 - -101?
-1100101011101110
In base 15, what is -b - a61?
-a6c
In base 7, what is -25 + -45001?
-45026
In base 14, what is 1c81b - 4?
1c817
In base 6, what is 155 - 12?
143
In base 5, what is 3213134 + 2?
3213141
In base 16, what is 3 - 3670a?
-36707
In base 10, what is -16 - 135192?
-135208
In base 5, what is 214 - 4102?
-3333
In base 14, what is 124d1 - 3?
124cc
In base 3, what is -2 + -11001200?
-11001202
In base 15, what is -8 + -d835?
-d83d
In base 4, what is 30110 - -22?
30132
In base 13, what is 117 - -109?
223
In base 4, what is 2 - 12121203?
-12121201
In base 11, what is 161 - -248?
3a9
In base 11, what is -414 - -70?
-354
In base 7, what is 300 + 33004?
33304
In base 7, what is -14613 - 14?
-14630
In base 3, what is 212 - -11210121?
11211110
In base 4, what is -11 - 202002322?
-202002333
In base 16, what is 193 + 16?
1a9
In base 5, what is 3 + -22001221?
-22001213
In base 3, what is -2 + -1110220112?
-1110220121
In base 7, what is 43 - -24353?
24426
In base 7, what is -1 - 165512?
-165513
In base 8, what is 42412 + 15?
42427
In base 2, what is -100110110111000 + 11?
-100110110110101
In base 10, what is 259571 + -5?
259566
In base 10, what is 27 + -1077?
-1050
In base 11, what is 39 - 1356?
-1318
In base 11, what is 1921664 + -1?
1921663
In base 10, what is 83 + -274?
-191
In base 6, what is 4004 + 111?
4115
In base 14, what is -548c + 1?
-548b
In base 7, what is -122 - -44666?
44544
In base 16, what is 19d0 - 19?
19b7
In base 16, what is -1 + 73baf?
73bae
In base 5, what is 33314132 + -1?
33314131
In base 15, what is b + 64cd?
64d9
In base 13, what is 2272 - -3?
2275
In base 4, what is -32 + -302033?
-302131
In base 10, what is -27 + -27594?
-27621
In base 10, what is 24 - 1203?
-1179
In base 10, what is 212571 + 4?
212575
In base 6, what is 1553353 + 11?
1553404
In base 7, what is -5 + 200651?
200643
In base 15, what is 260e8 + -3?
260e5
In base 5, what is 322 - 1144?
-322
In base 2, what is -1000 - -111001010001?
111001001001
In base 14, what is -d1 + 1dca?
1cd9
In base 7, what is 40 + -406146?
-406106
In base 16, what is -1 - -d023?
d022
In base 15, what is 1b664 + -3?
1b661
In base 7, what is -104 + -2505?
-2612
In base 11, what is 21076 + -6?
21070
In base 15, what is -1889d + -2?
-188a0
In base 4, what is -1333220 - 202?
-2000022
In base 15, what is 196 + -77?
11e
In base 16, what is -34 + -5671?
-56a5
In base 8, what is -7 - 14317?
-14326
In base 14, what is -4 - -5bd96?
5bd92
In base 16, what is 0 + 88c3?
88c3
In base 15, what is 3d93 - -2d?
3dc1
In base 11, what is -a47 - 33?
-a7a
In base 16, what is 8e4 + -a?
8da
In base 6, what is 320 + -3332?
-3012
In base 15, what is -86e2 + -3?
-86e5
In base 14, what is 23990 - -2?
23992
In base 10, what is -144 - -7787?
7643
In base 9, what is -56116 - 3?
-56120
In base 16, what is 2 + 2f25e?
2f260
In base 5, what is 0 + 12233142?
12233142
In base 10, what is -12 - 820?
-832
In base 6, what is -552 + -10233?
-11225
In base 3, what is -1101120 + 2210?
-1021210
In base 11, what is -139a8 + -5?
-13a02
In base 13, what is -2924 - -3?
-2921
In base 5, what is -1 + 12221403?
12221402
In base 14, what is -3 + -3205?
-3208
In base 10, what is 54 - 2540?
-2486
In base 6, what is 0 + 4513453?
4513453
In base 2, what is 1110010 + 10000010011?
10010000101
In base 3, what is -222 + 1011?
12
In base 2, what is 1 + -100010001010011010?
-100010001010011001
In base 16, what is 2a9 - 18e?
11b
In base 15, what is 54 + 19c?
201
In base 8, what is 1 - -326310?
326311
In base 13, what is -6 - 211c?
-2125
In base 5, what is -2021211 + 3?
-2021203
In base 13, what is -5202 - 13?
-5215
In base 10, what is -7681950 + 0?
-7681950
In base 10, what is -11774 + 3?
-11771
In base 9, what is -6 - -81371?
81364
In base 14, what is -4 - 201b25?
-201b29
In base 8, what is 32 + 50215?
50247
In base 3, what is 2 - 101002211?
-101002202
In base 14, what is -7db87 + 1?
-7db86
In base 14, what is 0 + 420b?
420b
In base 4, what is 132130131 + 11?
132130202
In base 6, what is 14010432 + -4?
14010424
In base 11, what is 138 + -3967?
-382a
In base 14, what is -14d82 + -2?
-14d84
In base 5, what is 0 + -1003?
-1003
In base 7, what is -62 +